{"id":2260,"date":"2025-12-16T09:45:50","date_gmt":"2025-12-16T08:45:50","guid":{"rendered":"https:\/\/www.camping-besse.com\/rechtliche-hinweise\/"},"modified":"2026-03-20T15:35:37","modified_gmt":"2026-03-20T14:35:37","slug":"rechtliche-hinweise","status":"publish","type":"page","link":"https:\/\/www.camping-besse.com\/de\/rechtliche-hinweise\/","title":{"rendered":"Rechtliche Hinweise"},"content":{"rendered":"\n<div class=\"wp-block-cover alignfull has-custom-content-position is-position-bottom-center has-aspect-ratio\" style=\"margin-top:0;margin-bottom:0;padding-top:var(--wp--preset--spacing--xxxxl);padding-right:0;padding-bottom:0;padding-left:0;aspect-ratio:16\/9;min-height:unset;\"><img alt=\"Landscaped park with winding paths and lampposts\" decoding=\"async\" width=\"2560\" height=\"1440\" class=\"wp-block-cover__image-background wp-image-766 size-16\/9_2560x1440_desktop\" alt=\"\" src=\"https:\/\/www.camping-besse.com\/wp-content\/uploads\/2026\/01\/00000903057-2560x1440.jpg\" data-object-fit=\"cover\" srcset=\"https:\/\/www.camping-besse.com\/wp-content\/uploads\/2026\/01\/00000903057-2560x1440.jpg 2560w, https:\/\/www.camping-besse.com\/wp-content\/uploads\/2026\/01\/00000903057-1920x1080.jpg 1920w, https:\/\/www.camping-besse.com\/wp-content\/uploads\/2026\/01\/00000903057-1440x810.jpg 1440w, https:\/\/www.camping-besse.com\/wp-content\/uploads\/2026\/01\/00000903057-1366x768.jpg 1366w, https:\/\/www.camping-besse.com\/wp-content\/uploads\/2026\/01\/00000903057-1024x576.jpg 1024w, https:\/\/www.camping-besse.com\/wp-content\/uploads\/2026\/01\/00000903057-800x450.jpg 800w, https:\/\/www.camping-besse.com\/wp-content\/uploads\/2026\/01\/00000903057-640x360.jpg 640w, https:\/\/www.camping-besse.com\/wp-content\/uploads\/2026\/01\/00000903057-375x210.jpg 375w, https:\/\/www.camping-besse.com\/wp-content\/uploads\/2026\/01\/00000903057-200x112.jpg 200w, https:\/\/www.camping-besse.com\/wp-content\/uploads\/2026\/01\/00000903057-100x56.jpg 100w\" sizes=\"(max-width: 2560px) 100vw, 2560px\" \/><span aria-hidden=\"true\" class=\"wp-block-cover__background has-background-dim-0 has-background-dim\"><\/span><div class=\"wp-block-cover__inner-container is-layout-flow wp-block-cover-is-layout-flow\">\n<figure class=\"wp-block-image size-full hrz-tampon-haut\"><img alt=\"Auvergne Rh\u00f4ne-Alpes circular stamp logo\" decoding=\"async\" width=\"243\" height=\"243\" src=\"https:\/\/www.camping-besse.com\/wp-content\/uploads\/2025\/12\/tampon-beige.png\" alt=\"\" class=\"wp-image-220\" srcset=\"https:\/\/www.camping-besse.com\/wp-content\/uploads\/2025\/12\/tampon-beige.png 243w, https:\/\/www.camping-besse.com\/wp-content\/uploads\/2025\/12\/tampon-beige-150x150.png 150w, https:\/\/www.camping-besse.com\/wp-content\/uploads\/2025\/12\/tampon-beige-200x200.png 200w, https:\/\/www.camping-besse.com\/wp-content\/uploads\/2025\/12\/tampon-beige-100x100.png 100w\" sizes=\"(max-width: 243px) 100vw, 243px\" \/><\/figure>\n\n\n\n<div class=\"wp-block-group hrz-hero-5-content is-layout-flow wp-container-core-group-is-layout-911427bc wp-block-group-is-layout-flow\" style=\"margin-top:0;margin-bottom:0;padding-top:0;padding-right:var(--wp--preset--spacing--xxl);padding-bottom:0;padding-left:var(--wp--preset--spacing--xxl)\">\n<a href=\"https:\/\/www.camping-besse.com\/de\/\" target=\"_self\" data-link=\"true\"><div class=\"wp-block-group is-layout-flow wp-block-group-is-layout-flow\" data-link=\"https:\/\/www.camping-besse.com\/\" data-target=\"_self\">\n<figure class=\"wp-block-image aligncenter size-full\" style=\"margin-top:0;margin-bottom:0\"><img alt=\"Bois de Gravi\u00e8re circular mountain landscape logo\" decoding=\"async\" width=\"177\" height=\"240\" src=\"https:\/\/www.camping-besse.com\/wp-content\/uploads\/2025\/12\/logo-bois-de-graviere.png\" alt=\"\" class=\"wp-image-38\"\/><\/figure>\n<\/div><\/a>\n<\/div>\n\n\n\n<div style=\"height:var(--wp--preset--spacing--xxxxl)\" aria-hidden=\"true\" class=\"wp-block-spacer\"><\/div>\n\n\n\n<div style=\"height:var(--wp--preset--spacing--xxxxl)\" aria-hidden=\"true\" class=\"wp-block-spacer\"><\/div>\n\n\n\n<div style=\"height:var(--wp--preset--spacing--xxxxl)\" aria-hidden=\"true\" class=\"wp-block-spacer\"><\/div>\n\n\n\n<figure class=\"wp-block-image alignfull size-full hrz-elipse\"><img alt=\"\" decoding=\"async\" src=\"https:\/\/www.camping-besse.com\/wp-content\/uploads\/2025\/12\/elipse.svg\" alt=\"\" class=\"wp-image-223\"\/><\/figure>\n<\/div><\/div>\n<div style=\"padding-left:var(--wp--preset--spacing--s);padding-top:var(--wp--preset--spacing--s);padding-bottom:var(--wp--preset--spacing--s);\" class=\"alignfull wp-elements-5cd3591c1ade14a972751d58f754b855 wp-block-wpseopress-breadcrumbs has-text-color has-primary-color\"><nav  aria-label=\"breadcrumb\"><ol class=\"breadcrumb\" itemscope itemtype=\"https:\/\/schema.org\/BreadcrumbList\"><li class=\"breadcrumb-item active\" aria-current=\"page\" itemprop=\"itemListElement\" itemscope itemtype=\"https:\/\/schema.org\/ListItem\"><span itemprop=\"name\">Camping \u00e0 Super-Besse<\/span><meta itemprop=\"position\" content=\"1\"><\/li><\/ol><\/nav><\/div>\n<div class=\"wp-block-group alignfull has-global-padding is-layout-constrained wp-block-group-is-layout-constrained\">\n<div class=\"wp-block-columns alignfull is-layout-flex wp-container-core-columns-is-layout-28f84493 wp-block-columns-is-layout-flex\">\n<div class=\"wp-block-column is-layout-flow wp-block-column-is-layout-flow\">\n<h1 class=\"wp-block-heading has-text-align-center has-primary-color has-text-color has-link-color wp-elements-4d16bfc4319ddd0c29d119a0444c4e51\">Rechtliche Hinweise<\/h1>\n\n\n\n<p class=\"has-text-align-center has-secondary-color has-text-color has-link-color has-tertiary-font-family has-xxxxxl-font-size wp-elements-6751730a463bba5bf720b2fd7b3fbe92\">Vom Campingplatz Bois de Gravi\u00e8re<\/p>\n<\/div>\n<\/div>\n<\/div>\n\n<div class=\"wp-block-group has-global-padding is-layout-constrained wp-block-group-is-layout-constrained\">\n<h2 class=\"wp-block-heading has-primary-color has-text-color has-link-color wp-elements-85d1e96bdedb01127837c6e3bf325547\">Identit\u00e4t<\/h2>\n\n\n\n<p>Name der Website: <strong>Camping <\/strong>Bois de Gravi\u00e8re<br\/>Adresse: https:\/\/www.camping-besse.com\/<br\/>Eigent\u00fcmerin: Fanny DOM<br\/>Verantwortlich f\u00fcr die Ver\u00f6ffentlichung: <strong>Camping <\/strong>Bois de Gravi\u00e8re<br\/>Design und Umsetzung: Horizon Marketing<br\/>Animation: <strong>Camping <\/strong>Bois de Gravi\u00e8re<br\/>Hosting: <strong>Infomaniak<\/strong><\/p>\n\n\n\n<h2 class=\"wp-block-heading has-primary-color has-text-color has-link-color wp-elements-797a18951578174e5fb03fa95897381f\">Juristische Person<\/h2>\n\n\n\n<p>R C S: Clermont Ferrand 750137861<br\/>T V A: FR15750137861<br\/>A P E: 5530Z<br\/>Siret-Nr.: 75013786100019<br\/>Klassifiziert in der Kategorie 4 Sterne Freizeit durch Entscheidung vom 29. Juni 2017 von Atout France, der Agentur f\u00fcr touristische Entwicklung Frankreichs.<br\/><a href=\"mailto:info@camping-besse.com\">info@camping-besse.com<\/a><\/p>\n\n\n\n<h2 class=\"wp-block-heading has-primary-color has-text-color has-link-color wp-elements-856fa3408d460b4c4a66870f93194838\">Nutzungsbedingungen<\/h2>\n\n\n\n<p>Die Nutzung dieser Website setzt die vollst\u00e4ndige und uneingeschr\u00e4nkte Annahme der nachstehend beschriebenen allgemeinen Nutzungsbedingungen voraus. Diese Nutzungsbedingungen k\u00f6nnen jederzeit ge\u00e4ndert oder erg\u00e4nzt werden. <\/p>\n\n\n\n<h2 class=\"wp-block-heading has-primary-color has-text-color has-link-color wp-elements-65d6a56b0776ab1b38cc5bfd3f13d7c6\">Informationen<\/h2>\n\n\n\n<p>Die Informationen und Dokumente auf der Website dienen der Information, sind nicht ersch\u00f6pfend und k\u00f6nnen nicht zur Verantwortung gezogen werden.<\/p>\n\n\n\n<p>Der Eigent\u00fcmer der Website haftet nicht f\u00fcr direkte oder indirekte Sch\u00e4den, die sich aus dem Zugriff auf die Website ergeben.<\/p>\n\n\n\n<h2 class=\"wp-block-heading has-primary-color has-text-color has-link-color wp-elements-604ecba3f14a49acb3e2df585b661689\">Interaktivit\u00e4t<\/h2>\n\n\n\n<p>Die Nutzer der Website k\u00f6nnen Inhalte hinterlegen, die auf der Website in daf\u00fcr vorgesehenen Bereichen erscheinen (insbesondere \u00fcber das Kontaktformular). Die Verantwortung f\u00fcr den Inhalt liegt bei den Autoren, die die volle rechtliche Verantwortung daf\u00fcr \u00fcbernehmen. <\/p>\n\n\n\n<p>Der Eigent\u00fcmer der Website beh\u00e4lt sich jedoch das Recht vor, von Nutzern eingereichte Inhalte, die nicht den ethischen Richtlinien der Website oder den geltenden Gesetzen entsprechen, ohne Vorank\u00fcndigung und ohne Begr\u00fcndung zu entfernen.<\/p>\n\n\n\n<h2 class=\"wp-block-heading has-primary-color has-text-color has-link-color wp-elements-0b49bc06682c3a9e233ef655e0f3ad32\">Geistiges Eigentum<\/h2>\n\n\n\n<p>Sofern nicht anders angegeben, sind alle auf der Website zug\u00e4nglichen Elemente (Texte, Bilder, Grafiken, Logos, Icons, T\u00f6ne, Software usw.) das ausschlie\u00dfliche Eigentum ihrer Autoren, was die Rechte an geistigem Eigentum oder die Nutzungsrechte betrifft.<\/p>\n\n\n\n<p>Die Vervielf\u00e4ltigung, Darstellung, \u00c4nderung, Ver\u00f6ffentlichung und Anpassung aller oder eines Teils der Elemente der Website, unabh\u00e4ngig von den verwendeten Mitteln oder Verfahren, ist ohne vorherige schriftliche Genehmigung des Autors untersagt.<\/p>\n\n\n\n<p>Jede nicht genehmigte Nutzung der Website oder eines ihrer Elemente gilt als F\u00e4lschung und wird strafrechtlich verfolgt.<\/p>\n\n\n\n<p>Die auf der Website abgebildeten Marken und Logos sind von den Unternehmen registriert, die ihre Eigent\u00fcmer sind.<\/p>\n\n\n\n<h2 class=\"wp-block-heading has-primary-color has-text-color has-link-color wp-elements-62c361a4460eb520dc95ddc66a41a5c9\">Links<\/h2>\n\n\n\n<p><strong>Ausgehende Links<\/strong>: Der Eigent\u00fcmer der Website lehnt jede Haftung ab und ist nicht verpflichtet, \u00fcber Hypertext-Links auf Ressourcen Dritter im Internet zu verweisen, sowohl in Bezug auf deren Inhalt als auch auf deren Relevanz.<\/p>\n\n\n\n<p><strong>Eingehende Links<\/strong>: Der Eigent\u00fcmer der Website gestattet Hypertext-Links zu einer der Seiten dieser Website, sofern diese ein neues Fenster \u00f6ffnen und unmissverst\u00e4ndlich dargestellt werden, um Folgendes zu vermeiden:<br\/>jede Verwechslungsgefahr zwischen der zitierenden Website und dem Eigent\u00fcmer der Website sowie jede tendenzi\u00f6se Darstellung oder eine Darstellung, die gegen die geltenden Gesetze verst\u00f6\u00dft.<\/p>\n\n\n\n<p>Der Eigent\u00fcmer der Website beh\u00e4lt sich das Recht vor, die Entfernung eines Links zu verlangen, wenn er der Ansicht ist, dass die Quellsite die hier festgelegten Regeln nicht einh\u00e4lt.<\/p>\n\n\n\n<p><\/p>\n\n\n\n<h2 class=\"wp-block-heading has-primary-color has-text-color has-link-color wp-elements-d621fb7b428511d2bf28bbafa743e114\">Datenschutz<\/h2>\n\n\n\n<p>Jeder Nutzer hat das Recht auf Zugang, Berichtigung und Widerspruch zu den ihn betreffenden pers\u00f6nlichen Daten, indem er einen schriftlichen und unterschriebenen Antrag zusammen mit einem Identit\u00e4tsnachweis stellt.<\/p>\n\n\n\n<p>Bei Fragen wenden Sie sich bitte an die Beschwerdeabteilung.<\/p>\n\n\n\n<p><\/p>\n\n\n\n<h2 class=\"wp-block-heading has-primary-color has-text-color has-link-color wp-elements-fd16fd16b1c3d0e4d13323b8043e7924\">Ombudsmann f\u00fcr Verbraucherfragen<\/h2>\n\n\n\n<p>Gem\u00e4\u00df Artikel L 612-1 des Verbraucherschutzgesetzes hat jeder Kunde des Campingplatzes das Recht, sich kostenlos an einen Verbraucherschlichter zu wenden, um einen Streitfall mit dem Betreiber des Platzes g\u00fctlich beizulegen.<\/p>\n\n\n\n<h2 class=\"wp-block-heading has-primary-color has-text-color has-link-color wp-elements-a3c85b85bfa67f82f0223a92093c6492\">Kredite<\/h2>\n<\/div>\n\n<p>Adobe stock<br\/>Campingplatz Bois de Gravi\u00e8re<\/p>\n","protected":false},"excerpt":{"rendered":"<p>Rechtliche Hinweise Vom Campingplatz Bois de Gravi\u00e8re Identit\u00e4t Name der Website: Camping Bois de Gravi\u00e8reAdresse: https:\/\/www.camping-besse.com\/Eigent\u00fcmerin: Fanny DOMVerantwortlich f\u00fcr die Ver\u00f6ffentlichung: Camping Bois de Gravi\u00e8reDesign und Umsetzung: Horizon MarketingAnimation: Camping Bois de Gravi\u00e8reHosting: Infomaniak Juristische Person R C S: Clermont Ferrand 750137861T V A: FR15750137861A P E: 5530ZSiret-Nr.: 75013786100019Klassifiziert in der Kategorie 4 Sterne Freizeit [&hellip;]<\/p>\n","protected":false},"author":1,"featured_media":0,"parent":0,"menu_order":0,"comment_status":"closed","ping_status":"closed","template":"page-no-title","meta":{"_acf_changed":false,"_seopress_robots_primary_cat":"","_seopress_titles_title":"Rechtliche Hinweise | Camping Bois de Gravi\u00e8re in Super-Besse","_seopress_titles_desc":"Impressum des 4-Sterne-Campingplatzes Bois de Gravi\u00e8re in Super-Besse in Puy-de-D\u00f4me.","_seopress_robots_index":"","footnotes":""},"class_list":["post-2260","page","type-page","status-publish","hentry"],"acf":[],"_links":{"self":[{"href":"https:\/\/www.camping-besse.com\/de\/wp-json\/wp\/v2\/pages\/2260","targetHints":{"allow":["GET"]}}],"collection":[{"href":"https:\/\/www.camping-besse.com\/de\/wp-json\/wp\/v2\/pages"}],"about":[{"href":"https:\/\/www.camping-besse.com\/de\/wp-json\/wp\/v2\/types\/page"}],"author":[{"embeddable":true,"href":"https:\/\/www.camping-besse.com\/de\/wp-json\/wp\/v2\/users\/1"}],"replies":[{"embeddable":true,"href":"https:\/\/www.camping-besse.com\/de\/wp-json\/wp\/v2\/comments?post=2260"}],"version-history":[{"count":1,"href":"https:\/\/www.camping-besse.com\/de\/wp-json\/wp\/v2\/pages\/2260\/revisions"}],"predecessor-version":[{"id":2263,"href":"https:\/\/www.camping-besse.com\/de\/wp-json\/wp\/v2\/pages\/2260\/revisions\/2263"}],"wp:attachment":[{"href":"https:\/\/www.camping-besse.com\/de\/wp-json\/wp\/v2\/media?parent=2260"}],"curies":[{"name":"wp","href":"https:\/\/api.w.org\/{rel}","templated":true}]}}

<div class="wp-block-cover alignfull has-custom-content-position is-position-bottom-center has-aspect-ratio" style="margin-top:0;margin-bottom:0;padding-top:var(--wp--preset--spacing--xxxxl);padding-right:0;padding-bottom:0;padding-left:0;aspect-ratio:16/9;min-height:unset;"><img alt="Landscaped park with winding paths and lampposts" decoding="async" width="2560" height="1440" class="wp-block-cover__image-background wp-image-766 size-16/9_2560x1440_desktop" alt="" src="https://www.camping-besse.com/wp-content/uploads/2026/01/00000903057-2560x1440.jpg" data-object-fit="cover" srcset="https://www.camping-besse.com/wp-content/uploads/2026/01/00000903057-2560x1440.jpg 2560w, https://www.camping-besse.com/wp-content/uploads/2026/01/00000903057-1920x1080.jpg 1920w, https://www.camping-besse.com/wp-content/uploads/2026/01/00000903057-1440x810.jpg 1440w, https://www.camping-besse.com/wp-content/uploads/2026/01/00000903057-1366x768.jpg 1366w, https://www.camping-besse.com/wp-content/uploads/2026/01/00000903057-1024x576.jpg 1024w, https://www.camping-besse.com/wp-content/uploads/2026/01/00000903057-800x450.jpg 800w, https://www.camping-besse.com/wp-content/uploads/2026/01/00000903057-640x360.jpg 640w, https://www.camping-besse.com/wp-content/uploads/2026/01/00000903057-375x210.jpg 375w, https://www.camping-besse.com/wp-content/uploads/2026/01/00000903057-200x112.jpg 200w, https://www.camping-besse.com/wp-content/uploads/2026/01/00000903057-100x56.jpg 100w" sizes="(max-width: 2560px) 100vw, 2560px" /><span aria-hidden="true" class="wp-block-cover__background has-background-dim-0 has-background-dim"></span><div class="wp-block-cover__inner-container is-layout-flow wp-block-cover-is-layout-flow">
<figure class="wp-block-image size-full hrz-tampon-haut"><img alt="Auvergne Rhône-Alpes circular stamp logo" decoding="async" width="243" height="243" src="https://www.camping-besse.com/wp-content/uploads/2025/12/tampon-beige.png" alt="" class="wp-image-220" srcset="https://www.camping-besse.com/wp-content/uploads/2025/12/tampon-beige.png 243w, https://www.camping-besse.com/wp-content/uploads/2025/12/tampon-beige-150x150.png 150w, https://www.camping-besse.com/wp-content/uploads/2025/12/tampon-beige-200x200.png 200w, https://www.camping-besse.com/wp-content/uploads/2025/12/tampon-beige-100x100.png 100w" sizes="(max-width: 243px) 100vw, 243px" /></figure>



<div class="wp-block-group hrz-hero-5-content is-layout-flow wp-container-core-group-is-layout-911427bc wp-block-group-is-layout-flow" style="margin-top:0;margin-bottom:0;padding-top:0;padding-right:var(--wp--preset--spacing--xxl);padding-bottom:0;padding-left:var(--wp--preset--spacing--xxl)">
<a href="https://www.camping-besse.com/de/" target="_self" data-link="true"><div class="wp-block-group is-layout-flow wp-block-group-is-layout-flow" data-link="https://www.camping-besse.com/" data-target="_self">
<figure class="wp-block-image aligncenter size-full" style="margin-top:0;margin-bottom:0"><img alt="Bois de Gravière circular mountain landscape logo" decoding="async" width="177" height="240" src="https://www.camping-besse.com/wp-content/uploads/2025/12/logo-bois-de-graviere.png" alt="" class="wp-image-38"/></figure>
</div></a>
</div>



<div style="height:var(--wp--preset--spacing--xxxxl)" aria-hidden="true" class="wp-block-spacer"></div>



<div style="height:var(--wp--preset--spacing--xxxxl)" aria-hidden="true" class="wp-block-spacer"></div>



<div style="height:var(--wp--preset--spacing--xxxxl)" aria-hidden="true" class="wp-block-spacer"></div>



<figure class="wp-block-image alignfull size-full hrz-elipse"><img alt="" decoding="async" src="https://www.camping-besse.com/wp-content/uploads/2025/12/elipse.svg" alt="" class="wp-image-223"/></figure>
</div></div>
<div style="padding-left:var(--wp--preset--spacing--s);padding-top:var(--wp--preset--spacing--s);padding-bottom:var(--wp--preset--spacing--s);" class="alignfull wp-elements-5cd3591c1ade14a972751d58f754b855 wp-block-wpseopress-breadcrumbs has-text-color has-primary-color"><nav  aria-label="breadcrumb"><ol class="breadcrumb" itemscope itemtype="https://schema.org/BreadcrumbList"><li class="breadcrumb-item active" aria-current="page" itemprop="itemListElement" itemscope itemtype="https://schema.org/ListItem"><span itemprop="name">Camping à Super-Besse</span><meta itemprop="position" content="1"></li></ol></nav></div>
<div class="wp-block-group alignfull has-global-padding is-layout-constrained wp-block-group-is-layout-constrained">
<div class="wp-block-columns alignfull is-layout-flex wp-container-core-columns-is-layout-28f84493 wp-block-columns-is-layout-flex">
<div class="wp-block-column is-layout-flow wp-block-column-is-layout-flow">
<h1 class="wp-block-heading has-text-align-center has-primary-color has-text-color has-link-color wp-elements-4d16bfc4319ddd0c29d119a0444c4e51">Rechtliche Hinweise</h1>



<p class="has-text-align-center has-secondary-color has-text-color has-link-color has-tertiary-font-family has-xxxxxl-font-size wp-elements-6751730a463bba5bf720b2fd7b3fbe92">Vom Campingplatz Bois de Gravière</p>
</div>
</div>
</div>

<div class="wp-block-group has-global-padding is-layout-constrained wp-block-group-is-layout-constrained">
<h2 class="wp-block-heading has-primary-color has-text-color has-link-color wp-elements-85d1e96bdedb01127837c6e3bf325547">Identität</h2>



<p>Name der Website: <strong>Camping </strong>Bois de Gravière<br/>Adresse: https://www.camping-besse.com/<br/>Eigentümerin: Fanny DOM<br/>Verantwortlich für die Veröffentlichung: <strong>Camping </strong>Bois de Gravière<br/>Design und Umsetzung: Horizon Marketing<br/>Animation: <strong>Camping </strong>Bois de Gravière<br/>Hosting: <strong>Infomaniak</strong></p>



<h2 class="wp-block-heading has-primary-color has-text-color has-link-color wp-elements-797a18951578174e5fb03fa95897381f">Juristische Person</h2>



<p>R C S: Clermont Ferrand 750137861<br/>T V A: FR15750137861<br/>A P E: 5530Z<br/>Siret-Nr.: 75013786100019<br/>Klassifiziert in der Kategorie 4 Sterne Freizeit durch Entscheidung vom 29. Juni 2017 von Atout France, der Agentur für touristische Entwicklung Frankreichs.<br/><a href="mailto:info@camping-besse.com">info@camping-besse.com</a></p>



<h2 class="wp-block-heading has-primary-color has-text-color has-link-color wp-elements-856fa3408d460b4c4a66870f93194838">Nutzungsbedingungen</h2>



<p>Die Nutzung dieser Website setzt die vollständige und uneingeschränkte Annahme der nachstehend beschriebenen allgemeinen Nutzungsbedingungen voraus. Diese Nutzungsbedingungen können jederzeit geändert oder ergänzt werden. </p>



<h2 class="wp-block-heading has-primary-color has-text-color has-link-color wp-elements-65d6a56b0776ab1b38cc5bfd3f13d7c6">Informationen</h2>



<p>Die Informationen und Dokumente auf der Website dienen der Information, sind nicht erschöpfend und können nicht zur Verantwortung gezogen werden.</p>



<p>Der Eigentümer der Website haftet nicht für direkte oder indirekte Schäden, die sich aus dem Zugriff auf die Website ergeben.</p>



<h2 class="wp-block-heading has-primary-color has-text-color has-link-color wp-elements-604ecba3f14a49acb3e2df585b661689">Interaktivität</h2>



<p>Die Nutzer der Website können Inhalte hinterlegen, die auf der Website in dafür vorgesehenen Bereichen erscheinen (insbesondere über das Kontaktformular). Die Verantwortung für den Inhalt liegt bei den Autoren, die die volle rechtliche Verantwortung dafür übernehmen. </p>



<p>Der Eigentümer der Website behält sich jedoch das Recht vor, von Nutzern eingereichte Inhalte, die nicht den ethischen Richtlinien der Website oder den geltenden Gesetzen entsprechen, ohne Vorankündigung und ohne Begründung zu entfernen.</p>



<h2 class="wp-block-heading has-primary-color has-text-color has-link-color wp-elements-0b49bc06682c3a9e233ef655e0f3ad32">Geistiges Eigentum</h2>



<p>Sofern nicht anders angegeben, sind alle auf der Website zugänglichen Elemente (Texte, Bilder, Grafiken, Logos, Icons, Töne, Software usw.) das ausschließliche Eigentum ihrer Autoren, was die Rechte an geistigem Eigentum oder die Nutzungsrechte betrifft.</p>



<p>Die Vervielfältigung, Darstellung, Änderung, Veröffentlichung und Anpassung aller oder eines Teils der Elemente der Website, unabhängig von den verwendeten Mitteln oder Verfahren, ist ohne vorherige schriftliche Genehmigung des Autors untersagt.</p>



<p>Jede nicht genehmigte Nutzung der Website oder eines ihrer Elemente gilt als Fälschung und wird strafrechtlich verfolgt.</p>



<p>Die auf der Website abgebildeten Marken und Logos sind von den Unternehmen registriert, die ihre Eigentümer sind.</p>



<h2 class="wp-block-heading has-primary-color has-text-color has-link-color wp-elements-62c361a4460eb520dc95ddc66a41a5c9">Links</h2>



<p><strong>Ausgehende Links</strong>: Der Eigentümer der Website lehnt jede Haftung ab und ist nicht verpflichtet, über Hypertext-Links auf Ressourcen Dritter im Internet zu verweisen, sowohl in Bezug auf deren Inhalt als auch auf deren Relevanz.</p>



<p><strong>Eingehende Links</strong>: Der Eigentümer der Website gestattet Hypertext-Links zu einer der Seiten dieser Website, sofern diese ein neues Fenster öffnen und unmissverständlich dargestellt werden, um Folgendes zu vermeiden:<br/>jede Verwechslungsgefahr zwischen der zitierenden Website und dem Eigentümer der Website sowie jede tendenziöse Darstellung oder eine Darstellung, die gegen die geltenden Gesetze verstößt.</p>



<p>Der Eigentümer der Website behält sich das Recht vor, die Entfernung eines Links zu verlangen, wenn er der Ansicht ist, dass die Quellsite die hier festgelegten Regeln nicht einhält.</p>



<p></p>



<h2 class="wp-block-heading has-primary-color has-text-color has-link-color wp-elements-d621fb7b428511d2bf28bbafa743e114">Datenschutz</h2>



<p>Jeder Nutzer hat das Recht auf Zugang, Berichtigung und Widerspruch zu den ihn betreffenden persönlichen Daten, indem er einen schriftlichen und unterschriebenen Antrag zusammen mit einem Identitätsnachweis stellt.</p>



<p>Bei Fragen wenden Sie sich bitte an die Beschwerdeabteilung.</p>



<p></p>



<h2 class="wp-block-heading has-primary-color has-text-color has-link-color wp-elements-fd16fd16b1c3d0e4d13323b8043e7924">Ombudsmann für Verbraucherfragen</h2>



<p>Gemäß Artikel L 612-1 des Verbraucherschutzgesetzes hat jeder Kunde des Campingplatzes das Recht, sich kostenlos an einen Verbraucherschlichter zu wenden, um einen Streitfall mit dem Betreiber des Platzes gütlich beizulegen.</p>



<h2 class="wp-block-heading has-primary-color has-text-color has-link-color wp-elements-a3c85b85bfa67f82f0223a92093c6492">Kredite</h2>
</div>

<p>Adobe stock<br/>Campingplatz Bois de Gravière</p>

<p>Rechtliche Hinweise Vom Campingplatz Bois de Gravière Identität Name der Website: Camping Bois de GravièreAdresse: https://www.camping-besse.com/Eigentümerin: Fanny DOMVerantwortlich für die Veröffentlichung: Camping Bois de GravièreDesign und Umsetzung: Horizon MarketingAnimation: Camping Bois de GravièreHosting: Infomaniak Juristische Person R C S: Clermont Ferrand 750137861T V A: FR15750137861A P E: 5530ZSiret-Nr.: 75013786100019Klassifiziert in der Kategorie 4 Sterne Freizeit [&hellip;]</p>

Rechtliche Hinweise | Camping Bois de Gravière in Super-Besse

Impressum des 4-Sterne-Campingplatzes Bois de Gravière in Super-Besse in Puy-de-Dôme.
