{"id":2266,"date":"2025-12-16T09:45:50","date_gmt":"2025-12-16T08:45:50","guid":{"rendered":"https:\/\/www.camping-besse.com\/terms-of-use\/"},"modified":"2026-03-20T15:35:37","modified_gmt":"2026-03-20T14:35:37","slug":"terms-of-use","status":"publish","type":"page","link":"https:\/\/www.camping-besse.com\/en\/terms-of-use\/","title":{"rendered":"Terms of use"},"content":{"rendered":"\n<div class=\"wp-block-cover alignfull has-custom-content-position is-position-bottom-center has-aspect-ratio\" style=\"margin-top:0;margin-bottom:0;padding-top:var(--wp--preset--spacing--xxxxl);padding-right:0;padding-bottom:0;padding-left:0;aspect-ratio:16\/9;min-height:unset;\"><img alt=\"Landscaped park with winding paths and lampposts\" decoding=\"async\" width=\"2560\" height=\"1440\" class=\"wp-block-cover__image-background wp-image-766 size-16\/9_2560x1440_desktop\" alt=\"\" src=\"https:\/\/www.camping-besse.com\/wp-content\/uploads\/2026\/01\/00000903057-2560x1440.jpg\" data-object-fit=\"cover\" srcset=\"https:\/\/www.camping-besse.com\/wp-content\/uploads\/2026\/01\/00000903057-2560x1440.jpg 2560w, https:\/\/www.camping-besse.com\/wp-content\/uploads\/2026\/01\/00000903057-1920x1080.jpg 1920w, https:\/\/www.camping-besse.com\/wp-content\/uploads\/2026\/01\/00000903057-1440x810.jpg 1440w, https:\/\/www.camping-besse.com\/wp-content\/uploads\/2026\/01\/00000903057-1366x768.jpg 1366w, https:\/\/www.camping-besse.com\/wp-content\/uploads\/2026\/01\/00000903057-1024x576.jpg 1024w, https:\/\/www.camping-besse.com\/wp-content\/uploads\/2026\/01\/00000903057-800x450.jpg 800w, https:\/\/www.camping-besse.com\/wp-content\/uploads\/2026\/01\/00000903057-640x360.jpg 640w, https:\/\/www.camping-besse.com\/wp-content\/uploads\/2026\/01\/00000903057-375x210.jpg 375w, https:\/\/www.camping-besse.com\/wp-content\/uploads\/2026\/01\/00000903057-200x112.jpg 200w, https:\/\/www.camping-besse.com\/wp-content\/uploads\/2026\/01\/00000903057-100x56.jpg 100w\" sizes=\"(max-width: 2560px) 100vw, 2560px\" \/><span aria-hidden=\"true\" class=\"wp-block-cover__background has-background-dim-0 has-background-dim\"><\/span><div class=\"wp-block-cover__inner-container is-layout-flow wp-block-cover-is-layout-flow\">\n<figure class=\"wp-block-image size-full hrz-tampon-haut\"><img alt=\"Auvergne Rh\u00f4ne-Alpes circular stamp logo\" decoding=\"async\" width=\"243\" height=\"243\" src=\"https:\/\/www.camping-besse.com\/wp-content\/uploads\/2025\/12\/tampon-beige.png\" alt=\"\" class=\"wp-image-220\" srcset=\"https:\/\/www.camping-besse.com\/wp-content\/uploads\/2025\/12\/tampon-beige.png 243w, https:\/\/www.camping-besse.com\/wp-content\/uploads\/2025\/12\/tampon-beige-150x150.png 150w, https:\/\/www.camping-besse.com\/wp-content\/uploads\/2025\/12\/tampon-beige-200x200.png 200w, https:\/\/www.camping-besse.com\/wp-content\/uploads\/2025\/12\/tampon-beige-100x100.png 100w\" sizes=\"(max-width: 243px) 100vw, 243px\" \/><\/figure>\n\n\n\n<div class=\"wp-block-group hrz-hero-5-content is-layout-flow wp-container-core-group-is-layout-911427bc wp-block-group-is-layout-flow\" style=\"margin-top:0;margin-bottom:0;padding-top:0;padding-right:var(--wp--preset--spacing--xxl);padding-bottom:0;padding-left:var(--wp--preset--spacing--xxl)\">\n<a href=\"https:\/\/www.camping-besse.com\/en\/\" target=\"_self\" data-link=\"true\"><div class=\"wp-block-group is-layout-flow wp-block-group-is-layout-flow\" data-link=\"https:\/\/www.camping-besse.com\/\" data-target=\"_self\">\n<figure class=\"wp-block-image aligncenter size-full\" style=\"margin-top:0;margin-bottom:0\"><img alt=\"Bois de Gravi\u00e8re circular mountain landscape logo\" decoding=\"async\" width=\"177\" height=\"240\" src=\"https:\/\/www.camping-besse.com\/wp-content\/uploads\/2025\/12\/logo-bois-de-graviere.png\" alt=\"\" class=\"wp-image-38\"\/><\/figure>\n<\/div><\/a>\n<\/div>\n\n\n\n<div style=\"height:var(--wp--preset--spacing--xxxxl)\" aria-hidden=\"true\" class=\"wp-block-spacer\"><\/div>\n\n\n\n<div style=\"height:var(--wp--preset--spacing--xxxxl)\" aria-hidden=\"true\" class=\"wp-block-spacer\"><\/div>\n\n\n\n<div style=\"height:var(--wp--preset--spacing--xxxxl)\" aria-hidden=\"true\" class=\"wp-block-spacer\"><\/div>\n\n\n\n<figure class=\"wp-block-image alignfull size-full hrz-elipse\"><img alt=\"\" decoding=\"async\" src=\"https:\/\/www.camping-besse.com\/wp-content\/uploads\/2025\/12\/elipse.svg\" alt=\"\" class=\"wp-image-223\"\/><\/figure>\n<\/div><\/div>\n<div style=\"padding-left:var(--wp--preset--spacing--s);padding-top:var(--wp--preset--spacing--s);padding-bottom:var(--wp--preset--spacing--s);\" class=\"alignfull wp-elements-5cd3591c1ade14a972751d58f754b855 wp-block-wpseopress-breadcrumbs has-text-color has-primary-color\"><nav  aria-label=\"breadcrumb\"><ol class=\"breadcrumb\" itemscope itemtype=\"https:\/\/schema.org\/BreadcrumbList\"><li class=\"breadcrumb-item active\" aria-current=\"page\" itemprop=\"itemListElement\" itemscope itemtype=\"https:\/\/schema.org\/ListItem\"><span itemprop=\"name\">Camping \u00e0 Super-Besse<\/span><meta itemprop=\"position\" content=\"1\"><\/li><\/ol><\/nav><\/div>\n<div class=\"wp-block-group alignfull has-global-padding is-layout-constrained wp-block-group-is-layout-constrained\">\n<div class=\"wp-block-columns alignfull is-layout-flex wp-container-core-columns-is-layout-28f84493 wp-block-columns-is-layout-flex\">\n<div class=\"wp-block-column is-layout-flow wp-block-column-is-layout-flow\">\n<h1 class=\"wp-block-heading has-text-align-center has-primary-color has-text-color has-link-color wp-elements-e0443a671c65d421e3b3c43f6dfdae86\">Terms of use<\/h1>\n\n\n\n<p class=\"has-text-align-center has-secondary-color has-text-color has-link-color has-tertiary-font-family has-xxxxxl-font-size wp-elements-c1f890b50fc9a59f6741fe7c5d2f1a28\">From the Bois de Gravi\u00e8re campsite<\/p>\n<\/div>\n<\/div>\n<\/div>\n\n<div class=\"wp-block-group has-global-padding is-layout-constrained wp-block-group-is-layout-constrained\">\n<h2 class=\"wp-block-heading has-primary-color has-text-color has-link-color wp-elements-06e3b312db10cf14608bf15b0dc86985\">Identity<\/h2>\n\n\n\n<p>Website name: <strong>Camping <\/strong>Bois de Gravi\u00e8re<br\/>Address: https:\/\/www.camping-besse.com\/<br\/>Owner: Fanny DOM<br\/>Publication manager: <strong>Camping <\/strong>Bois de Gravi\u00e8re<br\/>Design and production: Horizon Marketing<br\/>Animation: <strong>Camping <\/strong>Bois de Gravi\u00e8re<br\/>H\u00e9bergement : <strong>Infomaniak<\/strong><\/p>\n\n\n\n<h2 class=\"wp-block-heading has-primary-color has-text-color has-link-color wp-elements-aa09267e2f1d385cc3b963704a672936\">Legal entity<\/h2>\n\n\n\n<p>R C S : Clermont Ferrand 750137861<br\/>T V A : FR15750137861<br\/>A P E : 5530Z<br\/>N\u00b0 de Siret : 75013786100019<br\/>Classified in the 4-star Leisure category by decision dated June 29, 2017 by Atout France, France&#8217;s tourism development agency.<br\/><a href=\"mailto:info@camping-besse.com\">info@camping-besse.com<\/a><\/p>\n\n\n\n<h2 class=\"wp-block-heading has-primary-color has-text-color has-link-color wp-elements-327fec26313e777a590e8ab8ee3caac0\">Conditions of use<\/h2>\n\n\n\n<p>Use of this site implies full acceptance of the general conditions of use described below. These conditions of use may be modified or supplemented at any time. <\/p>\n\n\n\n<h2 class=\"wp-block-heading has-primary-color has-text-color has-link-color wp-elements-d151348eac0cc3a39996e152e2760714\">Information<\/h2>\n\n\n\n<p>The information and documents on this site are provided for information purposes only, are not exhaustive and do not engage the responsibility of the site owner.<\/p>\n\n\n\n<p>The site owner cannot be held responsible for direct or indirect damage resulting from access to the site.<\/p>\n\n\n\n<h2 class=\"wp-block-heading has-primary-color has-text-color has-link-color wp-elements-26528f05644d2164ba975d30c3360e79\">Interactivity<\/h2>\n\n\n\n<p>Site users may submit content, which appears on the site in dedicated areas (notably via the contact form). The content submitted remains the responsibility of its authors, who assume full legal liability. <\/p>\n\n\n\n<p>Nevertheless, the site owner reserves the right to remove, without notice or justification, any content posted by users that does not comply with the site&#8217;s ethical charter or with current legislation.<\/p>\n\n\n\n<h2 class=\"wp-block-heading has-primary-color has-text-color has-link-color wp-elements-1e211eea66d78097d74423add26e1e6a\">Intellectual property<\/h2>\n\n\n\n<p>Unless otherwise stated, all elements accessible on the site (texts, images, graphics, logos, icons, sounds, software, etc.) remain the exclusive property of their authors, with regard to intellectual property rights or rights of use.<\/p>\n\n\n\n<p>Any reproduction, representation, modification, publication, adaptation of all or part of the elements of the site, whatever the means or the process used, is prohibited, except prior written authorization of the author.<\/p>\n\n\n\n<p>Any unauthorized use of the site or of any of the elements it contains is considered to constitute an infringement and is liable to prosecution.<\/p>\n\n\n\n<p>Trademarks and logos reproduced on the site are registered by the companies that own them.<\/p>\n\n\n\n<h2 class=\"wp-block-heading has-primary-color has-text-color has-link-color wp-elements-62c361a4460eb520dc95ddc66a41a5c9\">Links<\/h2>\n\n\n\n<p><strong>Outgoing links<\/strong>: The owner of the site declines all responsibility and is not committed by the referencing via hypertext links, of third-party resources present on the Internet network, as regards both their content and their relevance.<\/p>\n\n\n\n<p><strong>Incoming links<\/strong>: The site owner authorizes hypertext links to one of the pages of this site, on condition that these open a new window and are presented in an unequivocal manner in order to avoid:<br\/>any risk of confusion between the site citing and the site owner, as well as any tendentious presentation, or contrary to the laws in force.<\/p>\n\n\n\n<p>The site owner reserves the right to request the removal of a link if it considers that the source site does not comply with the rules thus defined.<\/p>\n\n\n\n<p><\/p>\n\n\n\n<h2 class=\"wp-block-heading has-primary-color has-text-color has-link-color wp-elements-173de6ec45f19adc6c04f974f291cfc4\">Privacy<\/h2>\n\n\n\n<p>All users have the right to access, rectify and oppose any personal data concerning them, by making a written and signed request, accompanied by proof of identity.<\/p>\n\n\n\n<p>For all requests, please contact the complaints department<\/p>\n\n\n\n<p><\/p>\n\n\n\n<h2 class=\"wp-block-heading has-primary-color has-text-color has-link-color wp-elements-1b80c35297e006e71f9af97cd0af9620\">Consumer ombudsman<\/h2>\n\n\n\n<p>In accordance with the provisions of article L 612-1 of the French Consumer Code, any campsite customer has the right to have recourse, free of charge, to a consumer mediator for the amicable resolution of a dispute with the campsite operator.<\/p>\n\n\n\n<h2 class=\"wp-block-heading has-primary-color has-text-color has-link-color wp-elements-751a88a21a2643d9298da5f9f3af6fde\">Credits<\/h2>\n<\/div>\n\n<p>Adobe stock<br\/>Camping Bois de Gravi\u00e8re<\/p>\n","protected":false},"excerpt":{"rendered":"<p>Terms of use From the Bois de Gravi\u00e8re campsite Identity Website name: Camping Bois de Gravi\u00e8reAddress: https:\/\/www.camping-besse.com\/Owner: Fanny DOMPublication manager: Camping Bois de Gravi\u00e8reDesign and production: Horizon MarketingAnimation: Camping Bois de Gravi\u00e8reH\u00e9bergement : Infomaniak Legal entity R C S : Clermont Ferrand 750137861T V A : FR15750137861A P E : 5530ZN\u00b0 de Siret : 75013786100019Classified [&hellip;]<\/p>\n","protected":false},"author":1,"featured_media":0,"parent":0,"menu_order":0,"comment_status":"closed","ping_status":"closed","template":"page-no-title","meta":{"_acf_changed":false,"_seopress_robots_primary_cat":"","_seopress_titles_title":"Legal information | Camping Bois de Gravi\u00e8re in Super-Besse","_seopress_titles_desc":"Legal information for the 4-star Bois de Gravi\u00e8re campsite in Super-Besse, Puy-de-D\u00f4me.","_seopress_robots_index":"","footnotes":""},"class_list":["post-2266","page","type-page","status-publish","hentry"],"acf":[],"_links":{"self":[{"href":"https:\/\/www.camping-besse.com\/en\/wp-json\/wp\/v2\/pages\/2266","targetHints":{"allow":["GET"]}}],"collection":[{"href":"https:\/\/www.camping-besse.com\/en\/wp-json\/wp\/v2\/pages"}],"about":[{"href":"https:\/\/www.camping-besse.com\/en\/wp-json\/wp\/v2\/types\/page"}],"author":[{"embeddable":true,"href":"https:\/\/www.camping-besse.com\/en\/wp-json\/wp\/v2\/users\/1"}],"replies":[{"embeddable":true,"href":"https:\/\/www.camping-besse.com\/en\/wp-json\/wp\/v2\/comments?post=2266"}],"version-history":[{"count":1,"href":"https:\/\/www.camping-besse.com\/en\/wp-json\/wp\/v2\/pages\/2266\/revisions"}],"predecessor-version":[{"id":2267,"href":"https:\/\/www.camping-besse.com\/en\/wp-json\/wp\/v2\/pages\/2266\/revisions\/2267"}],"wp:attachment":[{"href":"https:\/\/www.camping-besse.com\/en\/wp-json\/wp\/v2\/media?parent=2266"}],"curies":[{"name":"wp","href":"https:\/\/api.w.org\/{rel}","templated":true}]}}

<div class="wp-block-cover alignfull has-custom-content-position is-position-bottom-center has-aspect-ratio" style="margin-top:0;margin-bottom:0;padding-top:var(--wp--preset--spacing--xxxxl);padding-right:0;padding-bottom:0;padding-left:0;aspect-ratio:16/9;min-height:unset;"><img alt="Landscaped park with winding paths and lampposts" decoding="async" width="2560" height="1440" class="wp-block-cover__image-background wp-image-766 size-16/9_2560x1440_desktop" alt="" src="https://www.camping-besse.com/wp-content/uploads/2026/01/00000903057-2560x1440.jpg" data-object-fit="cover" srcset="https://www.camping-besse.com/wp-content/uploads/2026/01/00000903057-2560x1440.jpg 2560w, https://www.camping-besse.com/wp-content/uploads/2026/01/00000903057-1920x1080.jpg 1920w, https://www.camping-besse.com/wp-content/uploads/2026/01/00000903057-1440x810.jpg 1440w, https://www.camping-besse.com/wp-content/uploads/2026/01/00000903057-1366x768.jpg 1366w, https://www.camping-besse.com/wp-content/uploads/2026/01/00000903057-1024x576.jpg 1024w, https://www.camping-besse.com/wp-content/uploads/2026/01/00000903057-800x450.jpg 800w, https://www.camping-besse.com/wp-content/uploads/2026/01/00000903057-640x360.jpg 640w, https://www.camping-besse.com/wp-content/uploads/2026/01/00000903057-375x210.jpg 375w, https://www.camping-besse.com/wp-content/uploads/2026/01/00000903057-200x112.jpg 200w, https://www.camping-besse.com/wp-content/uploads/2026/01/00000903057-100x56.jpg 100w" sizes="(max-width: 2560px) 100vw, 2560px" /><span aria-hidden="true" class="wp-block-cover__background has-background-dim-0 has-background-dim"></span><div class="wp-block-cover__inner-container is-layout-flow wp-block-cover-is-layout-flow">
<figure class="wp-block-image size-full hrz-tampon-haut"><img alt="Auvergne Rhône-Alpes circular stamp logo" decoding="async" width="243" height="243" src="https://www.camping-besse.com/wp-content/uploads/2025/12/tampon-beige.png" alt="" class="wp-image-220" srcset="https://www.camping-besse.com/wp-content/uploads/2025/12/tampon-beige.png 243w, https://www.camping-besse.com/wp-content/uploads/2025/12/tampon-beige-150x150.png 150w, https://www.camping-besse.com/wp-content/uploads/2025/12/tampon-beige-200x200.png 200w, https://www.camping-besse.com/wp-content/uploads/2025/12/tampon-beige-100x100.png 100w" sizes="(max-width: 243px) 100vw, 243px" /></figure>



<div class="wp-block-group hrz-hero-5-content is-layout-flow wp-container-core-group-is-layout-911427bc wp-block-group-is-layout-flow" style="margin-top:0;margin-bottom:0;padding-top:0;padding-right:var(--wp--preset--spacing--xxl);padding-bottom:0;padding-left:var(--wp--preset--spacing--xxl)">
<a href="https://www.camping-besse.com/en/" target="_self" data-link="true"><div class="wp-block-group is-layout-flow wp-block-group-is-layout-flow" data-link="https://www.camping-besse.com/" data-target="_self">
<figure class="wp-block-image aligncenter size-full" style="margin-top:0;margin-bottom:0"><img alt="Bois de Gravière circular mountain landscape logo" decoding="async" width="177" height="240" src="https://www.camping-besse.com/wp-content/uploads/2025/12/logo-bois-de-graviere.png" alt="" class="wp-image-38"/></figure>
</div></a>
</div>



<div style="height:var(--wp--preset--spacing--xxxxl)" aria-hidden="true" class="wp-block-spacer"></div>



<div style="height:var(--wp--preset--spacing--xxxxl)" aria-hidden="true" class="wp-block-spacer"></div>



<div style="height:var(--wp--preset--spacing--xxxxl)" aria-hidden="true" class="wp-block-spacer"></div>



<figure class="wp-block-image alignfull size-full hrz-elipse"><img alt="" decoding="async" src="https://www.camping-besse.com/wp-content/uploads/2025/12/elipse.svg" alt="" class="wp-image-223"/></figure>
</div></div>
<div style="padding-left:var(--wp--preset--spacing--s);padding-top:var(--wp--preset--spacing--s);padding-bottom:var(--wp--preset--spacing--s);" class="alignfull wp-elements-5cd3591c1ade14a972751d58f754b855 wp-block-wpseopress-breadcrumbs has-text-color has-primary-color"><nav  aria-label="breadcrumb"><ol class="breadcrumb" itemscope itemtype="https://schema.org/BreadcrumbList"><li class="breadcrumb-item active" aria-current="page" itemprop="itemListElement" itemscope itemtype="https://schema.org/ListItem"><span itemprop="name">Camping à Super-Besse</span><meta itemprop="position" content="1"></li></ol></nav></div>
<div class="wp-block-group alignfull has-global-padding is-layout-constrained wp-block-group-is-layout-constrained">
<div class="wp-block-columns alignfull is-layout-flex wp-container-core-columns-is-layout-28f84493 wp-block-columns-is-layout-flex">
<div class="wp-block-column is-layout-flow wp-block-column-is-layout-flow">
<h1 class="wp-block-heading has-text-align-center has-primary-color has-text-color has-link-color wp-elements-e0443a671c65d421e3b3c43f6dfdae86">Terms of use</h1>



<p class="has-text-align-center has-secondary-color has-text-color has-link-color has-tertiary-font-family has-xxxxxl-font-size wp-elements-c1f890b50fc9a59f6741fe7c5d2f1a28">From the Bois de Gravière campsite</p>
</div>
</div>
</div>

<div class="wp-block-group has-global-padding is-layout-constrained wp-block-group-is-layout-constrained">
<h2 class="wp-block-heading has-primary-color has-text-color has-link-color wp-elements-06e3b312db10cf14608bf15b0dc86985">Identity</h2>



<p>Website name: <strong>Camping </strong>Bois de Gravière<br/>Address: https://www.camping-besse.com/<br/>Owner: Fanny DOM<br/>Publication manager: <strong>Camping </strong>Bois de Gravière<br/>Design and production: Horizon Marketing<br/>Animation: <strong>Camping </strong>Bois de Gravière<br/>Hébergement : <strong>Infomaniak</strong></p>



<h2 class="wp-block-heading has-primary-color has-text-color has-link-color wp-elements-aa09267e2f1d385cc3b963704a672936">Legal entity</h2>



<p>R C S : Clermont Ferrand 750137861<br/>T V A : FR15750137861<br/>A P E : 5530Z<br/>N° de Siret : 75013786100019<br/>Classified in the 4-star Leisure category by decision dated June 29, 2017 by Atout France, France&#8217;s tourism development agency.<br/><a href="mailto:info@camping-besse.com">info@camping-besse.com</a></p>



<h2 class="wp-block-heading has-primary-color has-text-color has-link-color wp-elements-327fec26313e777a590e8ab8ee3caac0">Conditions of use</h2>



<p>Use of this site implies full acceptance of the general conditions of use described below. These conditions of use may be modified or supplemented at any time. </p>



<h2 class="wp-block-heading has-primary-color has-text-color has-link-color wp-elements-d151348eac0cc3a39996e152e2760714">Information</h2>



<p>The information and documents on this site are provided for information purposes only, are not exhaustive and do not engage the responsibility of the site owner.</p>



<p>The site owner cannot be held responsible for direct or indirect damage resulting from access to the site.</p>



<h2 class="wp-block-heading has-primary-color has-text-color has-link-color wp-elements-26528f05644d2164ba975d30c3360e79">Interactivity</h2>



<p>Site users may submit content, which appears on the site in dedicated areas (notably via the contact form). The content submitted remains the responsibility of its authors, who assume full legal liability. </p>



<p>Nevertheless, the site owner reserves the right to remove, without notice or justification, any content posted by users that does not comply with the site&#8217;s ethical charter or with current legislation.</p>



<h2 class="wp-block-heading has-primary-color has-text-color has-link-color wp-elements-1e211eea66d78097d74423add26e1e6a">Intellectual property</h2>



<p>Unless otherwise stated, all elements accessible on the site (texts, images, graphics, logos, icons, sounds, software, etc.) remain the exclusive property of their authors, with regard to intellectual property rights or rights of use.</p>



<p>Any reproduction, representation, modification, publication, adaptation of all or part of the elements of the site, whatever the means or the process used, is prohibited, except prior written authorization of the author.</p>



<p>Any unauthorized use of the site or of any of the elements it contains is considered to constitute an infringement and is liable to prosecution.</p>



<p>Trademarks and logos reproduced on the site are registered by the companies that own them.</p>



<h2 class="wp-block-heading has-primary-color has-text-color has-link-color wp-elements-62c361a4460eb520dc95ddc66a41a5c9">Links</h2>



<p><strong>Outgoing links</strong>: The owner of the site declines all responsibility and is not committed by the referencing via hypertext links, of third-party resources present on the Internet network, as regards both their content and their relevance.</p>



<p><strong>Incoming links</strong>: The site owner authorizes hypertext links to one of the pages of this site, on condition that these open a new window and are presented in an unequivocal manner in order to avoid:<br/>any risk of confusion between the site citing and the site owner, as well as any tendentious presentation, or contrary to the laws in force.</p>



<p>The site owner reserves the right to request the removal of a link if it considers that the source site does not comply with the rules thus defined.</p>



<p></p>



<h2 class="wp-block-heading has-primary-color has-text-color has-link-color wp-elements-173de6ec45f19adc6c04f974f291cfc4">Privacy</h2>



<p>All users have the right to access, rectify and oppose any personal data concerning them, by making a written and signed request, accompanied by proof of identity.</p>



<p>For all requests, please contact the complaints department</p>



<p></p>



<h2 class="wp-block-heading has-primary-color has-text-color has-link-color wp-elements-1b80c35297e006e71f9af97cd0af9620">Consumer ombudsman</h2>



<p>In accordance with the provisions of article L 612-1 of the French Consumer Code, any campsite customer has the right to have recourse, free of charge, to a consumer mediator for the amicable resolution of a dispute with the campsite operator.</p>



<h2 class="wp-block-heading has-primary-color has-text-color has-link-color wp-elements-751a88a21a2643d9298da5f9f3af6fde">Credits</h2>
</div>

<p>Adobe stock<br/>Camping Bois de Gravière</p>

<p>Terms of use From the Bois de Gravière campsite Identity Website name: Camping Bois de GravièreAddress: https://www.camping-besse.com/Owner: Fanny DOMPublication manager: Camping Bois de GravièreDesign and production: Horizon MarketingAnimation: Camping Bois de GravièreHébergement : Infomaniak Legal entity R C S : Clermont Ferrand 750137861T V A : FR15750137861A P E : 5530ZN° de Siret : 75013786100019Classified [&hellip;]</p>

Legal information | Camping Bois de Gravière in Super-Besse

Legal information for the 4-star Bois de Gravière campsite in Super-Besse, Puy-de-Dôme.
