{"id":2269,"date":"2025-12-16T09:45:50","date_gmt":"2025-12-16T08:45:50","guid":{"rendered":"https:\/\/www.camping-besse.com\/juridische-informatie\/"},"modified":"2026-03-20T15:35:37","modified_gmt":"2026-03-20T14:35:37","slug":"juridische-informatie","status":"publish","type":"page","link":"https:\/\/www.camping-besse.com\/nl\/juridische-informatie\/","title":{"rendered":"Juridische informatie"},"content":{"rendered":"\n<div class=\"wp-block-cover alignfull has-custom-content-position is-position-bottom-center has-aspect-ratio\" style=\"margin-top:0;margin-bottom:0;padding-top:var(--wp--preset--spacing--xxxxl);padding-right:0;padding-bottom:0;padding-left:0;aspect-ratio:16\/9;min-height:unset;\"><img alt=\"Landscaped park with winding paths and lampposts\" decoding=\"async\" width=\"2560\" height=\"1440\" class=\"wp-block-cover__image-background wp-image-766 size-16\/9_2560x1440_desktop\" alt=\"\" src=\"https:\/\/www.camping-besse.com\/wp-content\/uploads\/2026\/01\/00000903057-2560x1440.jpg\" data-object-fit=\"cover\" srcset=\"https:\/\/www.camping-besse.com\/wp-content\/uploads\/2026\/01\/00000903057-2560x1440.jpg 2560w, https:\/\/www.camping-besse.com\/wp-content\/uploads\/2026\/01\/00000903057-1920x1080.jpg 1920w, https:\/\/www.camping-besse.com\/wp-content\/uploads\/2026\/01\/00000903057-1440x810.jpg 1440w, https:\/\/www.camping-besse.com\/wp-content\/uploads\/2026\/01\/00000903057-1366x768.jpg 1366w, https:\/\/www.camping-besse.com\/wp-content\/uploads\/2026\/01\/00000903057-1024x576.jpg 1024w, https:\/\/www.camping-besse.com\/wp-content\/uploads\/2026\/01\/00000903057-800x450.jpg 800w, https:\/\/www.camping-besse.com\/wp-content\/uploads\/2026\/01\/00000903057-640x360.jpg 640w, https:\/\/www.camping-besse.com\/wp-content\/uploads\/2026\/01\/00000903057-375x210.jpg 375w, https:\/\/www.camping-besse.com\/wp-content\/uploads\/2026\/01\/00000903057-200x112.jpg 200w, https:\/\/www.camping-besse.com\/wp-content\/uploads\/2026\/01\/00000903057-100x56.jpg 100w\" sizes=\"(max-width: 2560px) 100vw, 2560px\" \/><span aria-hidden=\"true\" class=\"wp-block-cover__background has-background-dim-0 has-background-dim\"><\/span><div class=\"wp-block-cover__inner-container is-layout-flow wp-block-cover-is-layout-flow\">\n<figure class=\"wp-block-image size-full hrz-tampon-haut\"><img alt=\"Auvergne Rh\u00f4ne-Alpes circular stamp logo\" decoding=\"async\" width=\"243\" height=\"243\" src=\"https:\/\/www.camping-besse.com\/wp-content\/uploads\/2025\/12\/tampon-beige.png\" alt=\"\" class=\"wp-image-220\" srcset=\"https:\/\/www.camping-besse.com\/wp-content\/uploads\/2025\/12\/tampon-beige.png 243w, https:\/\/www.camping-besse.com\/wp-content\/uploads\/2025\/12\/tampon-beige-150x150.png 150w, https:\/\/www.camping-besse.com\/wp-content\/uploads\/2025\/12\/tampon-beige-200x200.png 200w, https:\/\/www.camping-besse.com\/wp-content\/uploads\/2025\/12\/tampon-beige-100x100.png 100w\" sizes=\"(max-width: 243px) 100vw, 243px\" \/><\/figure>\n\n\n\n<div class=\"wp-block-group hrz-hero-5-content is-layout-flow wp-container-core-group-is-layout-911427bc wp-block-group-is-layout-flow\" style=\"margin-top:0;margin-bottom:0;padding-top:0;padding-right:var(--wp--preset--spacing--xxl);padding-bottom:0;padding-left:var(--wp--preset--spacing--xxl)\">\n<a href=\"https:\/\/www.camping-besse.com\/nl\/\" target=\"_self\" data-link=\"true\"><div class=\"wp-block-group is-layout-flow wp-block-group-is-layout-flow\" data-link=\"https:\/\/www.camping-besse.com\/\" data-target=\"_self\">\n<figure class=\"wp-block-image aligncenter size-full\" style=\"margin-top:0;margin-bottom:0\"><img alt=\"Bois de Gravi\u00e8re circular mountain landscape logo\" decoding=\"async\" width=\"177\" height=\"240\" src=\"https:\/\/www.camping-besse.com\/wp-content\/uploads\/2025\/12\/logo-bois-de-graviere.png\" alt=\"\" class=\"wp-image-38\"\/><\/figure>\n<\/div><\/a>\n<\/div>\n\n\n\n<div style=\"height:var(--wp--preset--spacing--xxxxl)\" aria-hidden=\"true\" class=\"wp-block-spacer\"><\/div>\n\n\n\n<div style=\"height:var(--wp--preset--spacing--xxxxl)\" aria-hidden=\"true\" class=\"wp-block-spacer\"><\/div>\n\n\n\n<div style=\"height:var(--wp--preset--spacing--xxxxl)\" aria-hidden=\"true\" class=\"wp-block-spacer\"><\/div>\n\n\n\n<figure class=\"wp-block-image alignfull size-full hrz-elipse\"><img alt=\"\" decoding=\"async\" src=\"https:\/\/www.camping-besse.com\/wp-content\/uploads\/2025\/12\/elipse.svg\" alt=\"\" class=\"wp-image-223\"\/><\/figure>\n<\/div><\/div>\n<div style=\"padding-left:var(--wp--preset--spacing--s);padding-top:var(--wp--preset--spacing--s);padding-bottom:var(--wp--preset--spacing--s);\" class=\"alignfull wp-elements-5cd3591c1ade14a972751d58f754b855 wp-block-wpseopress-breadcrumbs has-text-color has-primary-color\"><nav  aria-label=\"breadcrumb\"><ol class=\"breadcrumb\" itemscope itemtype=\"https:\/\/schema.org\/BreadcrumbList\"><li class=\"breadcrumb-item active\" aria-current=\"page\" itemprop=\"itemListElement\" itemscope itemtype=\"https:\/\/schema.org\/ListItem\"><span itemprop=\"name\">Camping \u00e0 Super-Besse<\/span><meta itemprop=\"position\" content=\"1\"><\/li><\/ol><\/nav><\/div>\n<div class=\"wp-block-group alignfull has-global-padding is-layout-constrained wp-block-group-is-layout-constrained\">\n<div class=\"wp-block-columns alignfull is-layout-flex wp-container-core-columns-is-layout-28f84493 wp-block-columns-is-layout-flex\">\n<div class=\"wp-block-column is-layout-flow wp-block-column-is-layout-flow\">\n<h1 class=\"wp-block-heading has-text-align-center has-primary-color has-text-color has-link-color wp-elements-b5762fb72628ad847bd6c477317f8571\">Juridische informatie<\/h1>\n\n\n\n<p class=\"has-text-align-center has-secondary-color has-text-color has-link-color has-tertiary-font-family has-xxxxxl-font-size wp-elements-41c74df4380200b9e73058c1082af964\">Vanaf de camping Bois de Gravi\u00e8re<\/p>\n<\/div>\n<\/div>\n<\/div>\n\n<div class=\"wp-block-group has-global-padding is-layout-constrained wp-block-group-is-layout-constrained\">\n<h2 class=\"wp-block-heading has-primary-color has-text-color has-link-color wp-elements-6f42d9e6292f4923323f0beb47cabff9\">Identiteit<\/h2>\n\n\n\n<p>Naam website: <strong>Camping <\/strong>Bois de Gravi\u00e8re<br\/>Adres: https:\/\/www.camping-besse.com\/<br\/>Eigenaar: Fanny DOM<br\/>Publicatiemanager: <strong>Camping <\/strong>Bois de Gravi\u00e8re<br\/>Ontwerp en productie: Horizon Marketing<br\/>Animatie: <strong>Camping <\/strong>Bois de Gravi\u00e8re<br\/>H\u00e9bergement : <strong>Infomaniak<\/strong><\/p>\n\n\n\n<h2 class=\"wp-block-heading has-primary-color has-text-color has-link-color wp-elements-fb8d70630f59a448cba60d8df5ce93db\">Rechtspersoon<\/h2>\n\n\n\n<p>R C S : Clermont Ferrand 750137861<br\/>T V A : FR15750137861<br\/>A P E : 5530Z<br\/>N\u00b0 de Siret : 75013786100019<br\/>Ingedeeld in de categorie Leisure 4-sterren bij besluit van 29 juni 2017 door Atout France, het Franse agentschap voor de ontwikkeling van het toerisme.<br\/><a href=\"mailto:info@camping-besse.com\">info@camping-besse.com<\/a><\/p>\n\n\n\n<h2 class=\"wp-block-heading has-primary-color has-text-color has-link-color wp-elements-e426db0eb575e2330626803cb24ed3e4\">Gebruiksvoorwaarden<\/h2>\n\n\n\n<p>Het gebruik van deze site impliceert de volledige aanvaarding van de algemene gebruiksvoorwaarden die hieronder worden beschreven. Deze gebruiksvoorwaarden kunnen te allen tijde worden gewijzigd of aangevuld. <\/p>\n\n\n\n<h2 class=\"wp-block-heading has-primary-color has-text-color has-link-color wp-elements-8037eeeb12202e9ff190d145fa897714\">Informatie<\/h2>\n\n\n\n<p>De informatie en documenten op deze site worden uitsluitend ter informatie verstrekt, zijn niet uitputtend en vallen niet onder de verantwoordelijkheid van de eigenaar van de site.<\/p>\n\n\n\n<p>De eigenaar van de site kan niet aansprakelijk worden gesteld voor rechtstreekse of onrechtstreekse schade die voortvloeit uit de toegang tot de site.<\/p>\n\n\n\n<h2 class=\"wp-block-heading has-primary-color has-text-color has-link-color wp-elements-66aaba56a5f9efc98868778dc2137a76\">Interactiviteit<\/h2>\n\n\n\n<p>Gebruikers van de site kunnen inhoud insturen, die op de site zal verschijnen in speciale gebieden (met name via het contactformulier). De ingezonden inhoud blijft de verantwoordelijkheid van de auteurs, die de volledige wettelijke aansprakelijkheid op zich nemen. <\/p>\n\n\n\n<p>De eigenaar van de site behoudt zich echter het recht voor om zonder kennisgeving of rechtvaardiging inhoud te verwijderen die door gebruikers is geplaatst en die niet voldoet aan het ethisch handvest van de site of aan de huidige wetgeving.<\/p>\n\n\n\n<h2 class=\"wp-block-heading has-primary-color has-text-color has-link-color wp-elements-8e65640a4ede6c1ed568e25fff3126b3\">Intellectueel eigendom<\/h2>\n\n\n\n<p>Tenzij anders vermeld, blijven alle elementen die toegankelijk zijn op de site (teksten, afbeeldingen, grafieken, logo&#8217;s, pictogrammen, geluiden, software, enz.) het exclusieve eigendom van hun auteurs, met betrekking tot intellectuele eigendomsrechten of gebruiksrechten.<\/p>\n\n\n\n<p>Elke reproductie, representatie, wijziging, publicatie, aanpassing van alle of een deel van de elementen van de site, ongeacht het gebruikte middel of proces, is verboden, tenzij met de voorafgaande schriftelijke toestemming van de auteur.<\/p>\n\n\n\n<p>Elk ongeoorloofd gebruik van de site of een van de elementen op de site wordt beschouwd als een inbreuk en kan strafrechtelijk worden vervolgd.<\/p>\n\n\n\n<p>De merken en logo&#8217;s die op de site worden weergegeven, zijn geregistreerd door de bedrijven die er eigenaar van zijn.<\/p>\n\n\n\n<h2 class=\"wp-block-heading has-primary-color has-text-color has-link-color wp-elements-62c361a4460eb520dc95ddc66a41a5c9\">Links<\/h2>\n\n\n\n<p><strong>Uitgaande links<\/strong>: De eigenaar van de site wijst alle verantwoordelijkheid af en is niet gebonden door het verwijzen via hyperlinks naar bronnen van derden die aanwezig zijn op het internetnetwerk, zowel wat betreft hun inhoud als hun relevantie.<\/p>\n\n\n\n<p><strong>Inkomende links<\/strong>: De eigenaar van de site geeft toestemming voor hyperlinks naar een van de pagina&#8217;s van deze site, op voorwaarde dat deze een nieuw venster openen en op ondubbelzinnige wijze worden gepresenteerd om te voorkomen dat:<br\/>elk risico op verwarring tussen de bezoeker en de eigenaar van de site, evenals elke tendentieuze presentatie, of elke presentatie in strijd met de geldende wetgeving.<\/p>\n\n\n\n<p>De eigenaar van de site behoudt zich het recht voor om de verwijdering van een link te vragen als hij van mening is dat de bronsite niet voldoet aan deze regels.<\/p>\n\n\n\n<p><\/p>\n\n\n\n<h2 class=\"wp-block-heading has-primary-color has-text-color has-link-color wp-elements-f267fe8cd8f216ad2843fa5da02be6b5\">Vertrouwelijkheid<\/h2>\n\n\n\n<p>Alle gebruikers hebben het recht op toegang tot, rectificatie van en verzet tegen alle persoonlijke gegevens die op hen betrekking hebben, door een schriftelijk en ondertekend verzoek in te dienen, vergezeld van een identiteitsbewijs.<\/p>\n\n\n\n<p>Als je vragen hebt, kun je contact opnemen met de klachtenafdeling<\/p>\n\n\n\n<p><\/p>\n\n\n\n<h2 class=\"wp-block-heading has-primary-color has-text-color has-link-color wp-elements-a5831b4825e08a9e078b44806d794a04\">Ombudsman voor consumenten<\/h2>\n\n\n\n<p>In overeenstemming met de bepalingen van artikel L 612-1 van de Franse consumentenwetgeving heeft elke campinggast het recht om gratis een beroep te doen op een consumentenbemiddelaar voor de minnelijke schikking van een geschil met de campingexploitant.<\/p>\n\n\n\n<h2 class=\"wp-block-heading has-primary-color has-text-color has-link-color wp-elements-751a88a21a2643d9298da5f9f3af6fde\">Credits<\/h2>\n<\/div>\n\n<p>Adobe voorraad<br\/>Camping Bois de Gravi\u00e8re<\/p>\n","protected":false},"excerpt":{"rendered":"<p>Juridische informatie Vanaf de camping Bois de Gravi\u00e8re Identiteit Naam website: Camping Bois de Gravi\u00e8reAdres: https:\/\/www.camping-besse.com\/Eigenaar: Fanny DOMPublicatiemanager: Camping Bois de Gravi\u00e8reOntwerp en productie: Horizon MarketingAnimatie: Camping Bois de Gravi\u00e8reH\u00e9bergement : Infomaniak Rechtspersoon R C S : Clermont Ferrand 750137861T V A : FR15750137861A P E : 5530ZN\u00b0 de Siret : 75013786100019Ingedeeld in de categorie [&hellip;]<\/p>\n","protected":false},"author":1,"featured_media":0,"parent":0,"menu_order":0,"comment_status":"closed","ping_status":"closed","template":"page-no-title","meta":{"_acf_changed":false,"_seopress_robots_primary_cat":"","_seopress_titles_title":"Wettelijke informatie | Camping Bois de Gravi\u00e8re in Super-Besse","_seopress_titles_desc":"Wettelijke informatie voor de 4-sterren camping Bois de Gravi\u00e8re in Super-Besse, Puy-de-D\u00f4me.","_seopress_robots_index":"","footnotes":""},"class_list":["post-2269","page","type-page","status-publish","hentry"],"acf":[],"_links":{"self":[{"href":"https:\/\/www.camping-besse.com\/nl\/wp-json\/wp\/v2\/pages\/2269","targetHints":{"allow":["GET"]}}],"collection":[{"href":"https:\/\/www.camping-besse.com\/nl\/wp-json\/wp\/v2\/pages"}],"about":[{"href":"https:\/\/www.camping-besse.com\/nl\/wp-json\/wp\/v2\/types\/page"}],"author":[{"embeddable":true,"href":"https:\/\/www.camping-besse.com\/nl\/wp-json\/wp\/v2\/users\/1"}],"replies":[{"embeddable":true,"href":"https:\/\/www.camping-besse.com\/nl\/wp-json\/wp\/v2\/comments?post=2269"}],"version-history":[{"count":1,"href":"https:\/\/www.camping-besse.com\/nl\/wp-json\/wp\/v2\/pages\/2269\/revisions"}],"predecessor-version":[{"id":2271,"href":"https:\/\/www.camping-besse.com\/nl\/wp-json\/wp\/v2\/pages\/2269\/revisions\/2271"}],"wp:attachment":[{"href":"https:\/\/www.camping-besse.com\/nl\/wp-json\/wp\/v2\/media?parent=2269"}],"curies":[{"name":"wp","href":"https:\/\/api.w.org\/{rel}","templated":true}]}}

<div class="wp-block-cover alignfull has-custom-content-position is-position-bottom-center has-aspect-ratio" style="margin-top:0;margin-bottom:0;padding-top:var(--wp--preset--spacing--xxxxl);padding-right:0;padding-bottom:0;padding-left:0;aspect-ratio:16/9;min-height:unset;"><img alt="Landscaped park with winding paths and lampposts" decoding="async" width="2560" height="1440" class="wp-block-cover__image-background wp-image-766 size-16/9_2560x1440_desktop" alt="" src="https://www.camping-besse.com/wp-content/uploads/2026/01/00000903057-2560x1440.jpg" data-object-fit="cover" srcset="https://www.camping-besse.com/wp-content/uploads/2026/01/00000903057-2560x1440.jpg 2560w, https://www.camping-besse.com/wp-content/uploads/2026/01/00000903057-1920x1080.jpg 1920w, https://www.camping-besse.com/wp-content/uploads/2026/01/00000903057-1440x810.jpg 1440w, https://www.camping-besse.com/wp-content/uploads/2026/01/00000903057-1366x768.jpg 1366w, https://www.camping-besse.com/wp-content/uploads/2026/01/00000903057-1024x576.jpg 1024w, https://www.camping-besse.com/wp-content/uploads/2026/01/00000903057-800x450.jpg 800w, https://www.camping-besse.com/wp-content/uploads/2026/01/00000903057-640x360.jpg 640w, https://www.camping-besse.com/wp-content/uploads/2026/01/00000903057-375x210.jpg 375w, https://www.camping-besse.com/wp-content/uploads/2026/01/00000903057-200x112.jpg 200w, https://www.camping-besse.com/wp-content/uploads/2026/01/00000903057-100x56.jpg 100w" sizes="(max-width: 2560px) 100vw, 2560px" /><span aria-hidden="true" class="wp-block-cover__background has-background-dim-0 has-background-dim"></span><div class="wp-block-cover__inner-container is-layout-flow wp-block-cover-is-layout-flow">
<figure class="wp-block-image size-full hrz-tampon-haut"><img alt="Auvergne Rhône-Alpes circular stamp logo" decoding="async" width="243" height="243" src="https://www.camping-besse.com/wp-content/uploads/2025/12/tampon-beige.png" alt="" class="wp-image-220" srcset="https://www.camping-besse.com/wp-content/uploads/2025/12/tampon-beige.png 243w, https://www.camping-besse.com/wp-content/uploads/2025/12/tampon-beige-150x150.png 150w, https://www.camping-besse.com/wp-content/uploads/2025/12/tampon-beige-200x200.png 200w, https://www.camping-besse.com/wp-content/uploads/2025/12/tampon-beige-100x100.png 100w" sizes="(max-width: 243px) 100vw, 243px" /></figure>



<div class="wp-block-group hrz-hero-5-content is-layout-flow wp-container-core-group-is-layout-911427bc wp-block-group-is-layout-flow" style="margin-top:0;margin-bottom:0;padding-top:0;padding-right:var(--wp--preset--spacing--xxl);padding-bottom:0;padding-left:var(--wp--preset--spacing--xxl)">
<a href="https://www.camping-besse.com/nl/" target="_self" data-link="true"><div class="wp-block-group is-layout-flow wp-block-group-is-layout-flow" data-link="https://www.camping-besse.com/" data-target="_self">
<figure class="wp-block-image aligncenter size-full" style="margin-top:0;margin-bottom:0"><img alt="Bois de Gravière circular mountain landscape logo" decoding="async" width="177" height="240" src="https://www.camping-besse.com/wp-content/uploads/2025/12/logo-bois-de-graviere.png" alt="" class="wp-image-38"/></figure>
</div></a>
</div>



<div style="height:var(--wp--preset--spacing--xxxxl)" aria-hidden="true" class="wp-block-spacer"></div>



<div style="height:var(--wp--preset--spacing--xxxxl)" aria-hidden="true" class="wp-block-spacer"></div>



<div style="height:var(--wp--preset--spacing--xxxxl)" aria-hidden="true" class="wp-block-spacer"></div>



<figure class="wp-block-image alignfull size-full hrz-elipse"><img alt="" decoding="async" src="https://www.camping-besse.com/wp-content/uploads/2025/12/elipse.svg" alt="" class="wp-image-223"/></figure>
</div></div>
<div style="padding-left:var(--wp--preset--spacing--s);padding-top:var(--wp--preset--spacing--s);padding-bottom:var(--wp--preset--spacing--s);" class="alignfull wp-elements-5cd3591c1ade14a972751d58f754b855 wp-block-wpseopress-breadcrumbs has-text-color has-primary-color"><nav  aria-label="breadcrumb"><ol class="breadcrumb" itemscope itemtype="https://schema.org/BreadcrumbList"><li class="breadcrumb-item active" aria-current="page" itemprop="itemListElement" itemscope itemtype="https://schema.org/ListItem"><span itemprop="name">Camping à Super-Besse</span><meta itemprop="position" content="1"></li></ol></nav></div>
<div class="wp-block-group alignfull has-global-padding is-layout-constrained wp-block-group-is-layout-constrained">
<div class="wp-block-columns alignfull is-layout-flex wp-container-core-columns-is-layout-28f84493 wp-block-columns-is-layout-flex">
<div class="wp-block-column is-layout-flow wp-block-column-is-layout-flow">
<h1 class="wp-block-heading has-text-align-center has-primary-color has-text-color has-link-color wp-elements-b5762fb72628ad847bd6c477317f8571">Juridische informatie</h1>



<p class="has-text-align-center has-secondary-color has-text-color has-link-color has-tertiary-font-family has-xxxxxl-font-size wp-elements-41c74df4380200b9e73058c1082af964">Vanaf de camping Bois de Gravière</p>
</div>
</div>
</div>

<div class="wp-block-group has-global-padding is-layout-constrained wp-block-group-is-layout-constrained">
<h2 class="wp-block-heading has-primary-color has-text-color has-link-color wp-elements-6f42d9e6292f4923323f0beb47cabff9">Identiteit</h2>



<p>Naam website: <strong>Camping </strong>Bois de Gravière<br/>Adres: https://www.camping-besse.com/<br/>Eigenaar: Fanny DOM<br/>Publicatiemanager: <strong>Camping </strong>Bois de Gravière<br/>Ontwerp en productie: Horizon Marketing<br/>Animatie: <strong>Camping </strong>Bois de Gravière<br/>Hébergement : <strong>Infomaniak</strong></p>



<h2 class="wp-block-heading has-primary-color has-text-color has-link-color wp-elements-fb8d70630f59a448cba60d8df5ce93db">Rechtspersoon</h2>



<p>R C S : Clermont Ferrand 750137861<br/>T V A : FR15750137861<br/>A P E : 5530Z<br/>N° de Siret : 75013786100019<br/>Ingedeeld in de categorie Leisure 4-sterren bij besluit van 29 juni 2017 door Atout France, het Franse agentschap voor de ontwikkeling van het toerisme.<br/><a href="mailto:info@camping-besse.com">info@camping-besse.com</a></p>



<h2 class="wp-block-heading has-primary-color has-text-color has-link-color wp-elements-e426db0eb575e2330626803cb24ed3e4">Gebruiksvoorwaarden</h2>



<p>Het gebruik van deze site impliceert de volledige aanvaarding van de algemene gebruiksvoorwaarden die hieronder worden beschreven. Deze gebruiksvoorwaarden kunnen te allen tijde worden gewijzigd of aangevuld. </p>



<h2 class="wp-block-heading has-primary-color has-text-color has-link-color wp-elements-8037eeeb12202e9ff190d145fa897714">Informatie</h2>



<p>De informatie en documenten op deze site worden uitsluitend ter informatie verstrekt, zijn niet uitputtend en vallen niet onder de verantwoordelijkheid van de eigenaar van de site.</p>



<p>De eigenaar van de site kan niet aansprakelijk worden gesteld voor rechtstreekse of onrechtstreekse schade die voortvloeit uit de toegang tot de site.</p>



<h2 class="wp-block-heading has-primary-color has-text-color has-link-color wp-elements-66aaba56a5f9efc98868778dc2137a76">Interactiviteit</h2>



<p>Gebruikers van de site kunnen inhoud insturen, die op de site zal verschijnen in speciale gebieden (met name via het contactformulier). De ingezonden inhoud blijft de verantwoordelijkheid van de auteurs, die de volledige wettelijke aansprakelijkheid op zich nemen. </p>



<p>De eigenaar van de site behoudt zich echter het recht voor om zonder kennisgeving of rechtvaardiging inhoud te verwijderen die door gebruikers is geplaatst en die niet voldoet aan het ethisch handvest van de site of aan de huidige wetgeving.</p>



<h2 class="wp-block-heading has-primary-color has-text-color has-link-color wp-elements-8e65640a4ede6c1ed568e25fff3126b3">Intellectueel eigendom</h2>



<p>Tenzij anders vermeld, blijven alle elementen die toegankelijk zijn op de site (teksten, afbeeldingen, grafieken, logo&#8217;s, pictogrammen, geluiden, software, enz.) het exclusieve eigendom van hun auteurs, met betrekking tot intellectuele eigendomsrechten of gebruiksrechten.</p>



<p>Elke reproductie, representatie, wijziging, publicatie, aanpassing van alle of een deel van de elementen van de site, ongeacht het gebruikte middel of proces, is verboden, tenzij met de voorafgaande schriftelijke toestemming van de auteur.</p>



<p>Elk ongeoorloofd gebruik van de site of een van de elementen op de site wordt beschouwd als een inbreuk en kan strafrechtelijk worden vervolgd.</p>



<p>De merken en logo&#8217;s die op de site worden weergegeven, zijn geregistreerd door de bedrijven die er eigenaar van zijn.</p>



<h2 class="wp-block-heading has-primary-color has-text-color has-link-color wp-elements-62c361a4460eb520dc95ddc66a41a5c9">Links</h2>



<p><strong>Uitgaande links</strong>: De eigenaar van de site wijst alle verantwoordelijkheid af en is niet gebonden door het verwijzen via hyperlinks naar bronnen van derden die aanwezig zijn op het internetnetwerk, zowel wat betreft hun inhoud als hun relevantie.</p>



<p><strong>Inkomende links</strong>: De eigenaar van de site geeft toestemming voor hyperlinks naar een van de pagina&#8217;s van deze site, op voorwaarde dat deze een nieuw venster openen en op ondubbelzinnige wijze worden gepresenteerd om te voorkomen dat:<br/>elk risico op verwarring tussen de bezoeker en de eigenaar van de site, evenals elke tendentieuze presentatie, of elke presentatie in strijd met de geldende wetgeving.</p>



<p>De eigenaar van de site behoudt zich het recht voor om de verwijdering van een link te vragen als hij van mening is dat de bronsite niet voldoet aan deze regels.</p>



<p></p>



<h2 class="wp-block-heading has-primary-color has-text-color has-link-color wp-elements-f267fe8cd8f216ad2843fa5da02be6b5">Vertrouwelijkheid</h2>



<p>Alle gebruikers hebben het recht op toegang tot, rectificatie van en verzet tegen alle persoonlijke gegevens die op hen betrekking hebben, door een schriftelijk en ondertekend verzoek in te dienen, vergezeld van een identiteitsbewijs.</p>



<p>Als je vragen hebt, kun je contact opnemen met de klachtenafdeling</p>



<p></p>



<h2 class="wp-block-heading has-primary-color has-text-color has-link-color wp-elements-a5831b4825e08a9e078b44806d794a04">Ombudsman voor consumenten</h2>



<p>In overeenstemming met de bepalingen van artikel L 612-1 van de Franse consumentenwetgeving heeft elke campinggast het recht om gratis een beroep te doen op een consumentenbemiddelaar voor de minnelijke schikking van een geschil met de campingexploitant.</p>



<h2 class="wp-block-heading has-primary-color has-text-color has-link-color wp-elements-751a88a21a2643d9298da5f9f3af6fde">Credits</h2>
</div>

<p>Adobe voorraad<br/>Camping Bois de Gravière</p>

<p>Juridische informatie Vanaf de camping Bois de Gravière Identiteit Naam website: Camping Bois de GravièreAdres: https://www.camping-besse.com/Eigenaar: Fanny DOMPublicatiemanager: Camping Bois de GravièreOntwerp en productie: Horizon MarketingAnimatie: Camping Bois de GravièreHébergement : Infomaniak Rechtspersoon R C S : Clermont Ferrand 750137861T V A : FR15750137861A P E : 5530ZN° de Siret : 75013786100019Ingedeeld in de categorie [&hellip;]</p>

Wettelijke informatie | Camping Bois de Gravière in Super-Besse

Wettelijke informatie voor de 4-sterren camping Bois de Gravière in Super-Besse, Puy-de-Dôme.
